en 23875 is divided by 94?
93
What is the remainder when 536970 is divided by 67120?
10
Calculate the remainder when 961 is divided by 433.
95
What is the remainder when 4434 is divided by 325?
209
What is the remainder when 2369 is divided by 5?
4
What is the remainder when 2312 is divided by 578?
0
Calculate the remainder when 98584 is divided by 49290.
4
Calculate the remainder when 2046 is divided by 42.
30
What is the remainder when 26801 is divided by 26513?
288
What is the remainder when 9135 is divided by 9129?
6
Calculate the remainder when 223165 is divided by 634.
631
Calculate the remainder when 128914 is divided by 115.
114
What is the remainder when 32991 is divided by 4713?
0
What is the remainder when 3853 is divided by 80?
13
What is the remainder when 6034631 is divided by 24?
23
Calculate the remainder when 186298 is divided by 36.
34
Calculate the remainder when 210787 is divided by 87.
73
What is the remainder when 6136 is divided by 6061?
75
What is the remainder when 31866 is divided by 2895?
21
Calculate the remainder when 1693 is divided by 1100.
593
What is the remainder when 49643 is divided by 464?
459
Calculate the remainder when 106138 is divided by 53062.
14
What is the remainder when 10214652 is divided by 33?
30
What is the remainder when 361223 is divided by 41?
13
What is the remainder when 13482 is divided by 2150?
582
Calculate the remainder when 350 is divided by 89.
83
What is the remainder when 2792 is divided by 1249?
294
Calculate the remainder when 35268 is divided by 75.
18
Calculate the remainder when 18077 is divided by 160.
157
Calculate the remainder when 683849 is divided by 1749.
1739
What is the remainder when 1451 is divided by 182?
177
What is the remainder when 146610 is divided by 48868?
6
Calculate the remainder when 411467 is divided by 96.
11
Calculate the remainder when 1136395 is divided by 15.
10
Calculate the remainder when 110387 is divided by 794.
21
What is the remainder when 1379 is divided by 79?
36
What is the remainder when 326696 is divided by 328?
8
Calculate the remainder when 6054 is divided by 2435.
1184
Calculate the remainder when 19705 is divided by 1641.
13
What is the remainder when 5645 is divided by 222?
95
Calculate the remainder when 1660 is divided by 442.
334
Calculate the remainder when 221076 is divided by 24.
12
Calculate the remainder when 129709 is divided by 176.
173
Calculate the remainder when 300194 is divided by 100046.
56
What is the remainder when 41651 is divided by 396?
71
Calculate the remainder when 26352 is divided by 6580.
32
Calculate the remainder when 53350 is divided by 78.
76
Calculate the remainder when 1942 is divided by 411.
298
What is the remainder when 9952 is divided by 284?
12
What is the remainder when 7807 is divided by 3040?
1727
What is the remainder when 5255 is divided by 1736?
47
What is the remainder when 28091 is divided by 1003?
7
Calculate the remainder when 98523 is divided by 13.
9
What is the remainder when 3142 is divided by 948?
298
Calculate the remainder when 6395 is divided by 265.
35
Calculate the remainder when 138288 is divided by 154.
150
What is the remainder when 67339 is divided by 122?
117
What is the remainder when 4508 is divided by 168?
140
Calculate the remainder when 218194 is divided by 198.
196
What is the remainder when 62673 is divided by 20847?
132
What is the remainder when 12996 is divided by 26?
22
Calculate the remainder when 6772 is divided by 354.
46
Calculate the remainder when 498537 is divided by 21.
18
Calculate the remainder when 16588 is divided by 4146.
4
What is the remainder when 5705 is divided by 5378?
327
Calculate the remainder when 782398 is divided by 32.
30
What is the remainder when 37604 is divided by 1387?
155
Calculate the remainder when 140144 is divided by 48.
32
Calculate the remainder when 25905 is divided by 25892.
13
What is the remainder when 187284 is divided by 5?
4
What is the remainder when 4601 is divided by 255?
11
What is the remainder when 29970 is divided by 7477?
62
What is the remainder when 464965 is divided by 874?
871
Calculate the remainder when 158183 is divided by 18.
17
Calculate the remainder when 21662 is divided by 14.
4
Calculate the remainder when 8126 is divided by 219.
23
Calculate the remainder when 33855 is divided by 16.
15
What is the remainder when 3072 is divided by 28?
20
Calculate the remainder when 149703 is divided by 23.
19
Calculate the remainder when 4754 is divided by 280.
274
What is the remainder when 1880635 is divided by 1959?
1954
What is the remainder when 4263 is divided by 48?
39
Calculate the remainder when 1914 is divided by 629.
27
What is the remainder when 31266 is divided by 221?
105
What is the remainder when 6865342 is divided by 1044?
1042
Calculate the remainder when 5498010 is divided by 37.
32
What is the remainder when 30856 is divided by 1098?
112
What is the remainder when 5482 is divided by 1674?
460
Calculate the remainder when 50117 is divided by 884.
613
Calculate the remainder when 27013 is divided by 13502.
9
What is the remainder when 289565 is divided by 152?
5
What is the remainder when 1903 is divided by 15?
13
Calculate the remainder when 359111 is divided by 119696.
23
Calculate the remainder when 618155 is divided by 317.
5
Calculate the remainder when 31862 is divided by 3185.
12
Calculate the remainder when 17835 is divided by 8910.
15
What is the remainder when 474 is divided by 210?
54
What is the remainder when 34335 is divided by 72?
63
Calculate the remainder when 469 is divided by 139.
52
Calculate the remainder when 18672 is divided by 6.
0
Calculate the remainder when 2066 is divided by 159.
158
Calculate the remainder when 3719 is divided by 247.
14
Calculate the remainder when 21088 is divided by 555.
553
Calculate the remainder when 1659 is divided by 83.
82
Calculate the remainder when 50218 is divided by 2293.
2065
What is the remainder when 88475 is divided by 1180?
1155
What is the remainder when 142271 is divided by 15?
11
What is the remainder when 1069 is divided by 330?
79
What is the remainder when 96818 is divided by 470?
468
Calculate the remainder when 1036 is divided by 42.
28
What is the remainder when 12292 is divided by 352?
324
What is the remainder when 1205 is divided by 244?
229
What is the remainder when 27558 is divided by 40?
38
Calculate the remainder when 1249 is divided by 186.
133
What is the remainder when 23499 is divided by 331?
329
What is the remainder when 2923 is divided by 101?
95
Calculate the remainder when 21346 is divided by 1640.
26
What is the remainder when 1394 is divided by 110?
74
Calculate the remainder when 838 is divided by 121.
112
What is the remainder when 2313 is divided by 196?
157
What is the remainder when 14093 is divided by 14?
9
Calculate the remainder when 3887 is divided by 394.
341
What is the remainder when 78973 is divided by 28?
13
What is the remainder when 4879 is divided by 410?
369
Calculate the remainder when 9159 is divided by 1462.
387
What is the remainder when 1526074 is divided by 138734?
0
Calculate the remainder when 8254 is divided by 8139.
115
Calculate the remainder when 913 is divided by 506.
407
What is the remainder when 363037 is divided by 72604?
17
What is the remainder when 26909 is divided by 8911?
176
What is the remainder when 22604 is divided by 22593?
11
Calculate the remainder when 13001 is divided by 3247.
13
Calculate the remainder when 79141 is divided by 13.
10
Calculate the remainder when 18287 is divided by 831.
5
What is the remainder when 25053 is divided by 87?
84
What is the remainder when 1416 is divided by 144?
120
What is the remainder when 7647 is divided by 51?
48
What is the remainder when 1283710 is divided by 48?
46
What is the remainder when 4212 is divided by 497?
236
Calculate the remainder when 1284 is divided by 243.
69
Calculate the remainder when 75192 is divided by 75134.
58
Calculate the remainder when 226620 is divided by 20596.
64
What is the remainder when 6286 is divided by 9?
4
Calculate the remainder when 6712 is divided by 1129.
1067
What is the remainder when 7587 is divided by 50?
37
What is the remainder when 1026 is divided by 7?
4
Calculate 